18/4)/(2/4). Let u = -47 + r. What is the highest common factor of u and 228?
12
Let m = -89 + 170. Let o = -1178 + 1183. Suppose -5*w + 270 = -o*c, 4*w - 3*c + 4*c = 216. What is the highest common divisor of m and w?
27
Let a(v) = 1 - 1 + 7*v + 9 + 6 + 9*v. Let s be a(6). Calculate the greatest common factor of 74 and s.
37
Let l = -4638 - -6310. What is the highest common factor of 114 and l?
38
Let z = -2183 - -1271. Let w = z - -924. Calculate the highest common factor of w and 132.
12
Let n be (3 + -3)/(-4*1 - -1). Suppose n = -4*u + 4*g + 700, -7*u + 180 = -6*u + 4*g. Calculate the greatest common divisor of 11 and u.
11
Let q be (5 + (3 - 10))*(35/(-7) - 2). Suppose 4*i + 186 = 914. Calculate the greatest common divisor of q and i.
14
Let w be 1755/(-18)*950/(-3). What is the highest common divisor of 247 and w?
247
Let d(v) = -v**2 - 10*v + 9. Let t be d(0). Suppose 1814 = t*k - 400. Suppose -15 = -5*i, 0*y + k = 4*y - 2*i. What is the greatest common factor of y and 9?
9
Let s be 18/117 - 1882*(-138)/156. What is the highest common factor of 45 and s?
45
Let w(g) = -3*g**3 + 122*g**2 + 41*g + 46. Let c be w(41). Calculate the greatest common factor of 6854 and c.
46
Let k = 27 - -31. Suppose 23*a - 22*a + 3*h = 136, 3*a - 426 = -3*h. Calculate the highest common divisor of a and k.
29
Let g(p) = -2*p**2 - 145*p + 209. Let h be g(-34). What is the highest common divisor of 33 and h?
11
Let x = -32 - -35. Suppose 0 = 2*h - m - 2*m - 47, x = -3*m. Let r be 4/(-2 + -14)*h*-6. Calculate the greatest common divisor of r and 3.
3
Suppose -4*p + 736 = 3*n + 2*n, -4*p = 4. Suppose -2*z + 215 = 3*z + 5*l, 0 = -4*z + 4*l + n. Calculate the greatest common factor of z and 24.
8
Suppose 0 = 6*v + 15 - 135. Let d = v + -17. Let h be -36*(45/(-10) + d). Calculate the highest common divisor of 81 and h.
27
Let y be (1 - (-835)/3)*(-28 + 31). What is the highest common factor of 2 and y?
2
Let q(y) = 87*y + 2. Let t be q(2). Suppose -773 = 10*o - 4453. Suppose 5*w + 18*w - o = 0. Calculate the highest common factor of w and t.
16
Suppose 5*y - 83 - 417 = 0. Let z(r) = -r**3 + 215*r**2 + 1312*r - 4. Let b be z(-6). What is the greatest common divisor of b and y?
20
Suppose s - 231 = 102. Suppose 0 = -24*o + 21*o + 4*k + 210, 5*o = k + s. Calculate the greatest common divisor of o and 154.
22
Let b(l) = 2*l**2 - 16*l + 2. Let m be b(8). Suppose 4*s + m*h = 14, 4*s - 3*h + 9 = 7*s. Calculate the greatest common factor of 1 and s.
1
Suppose 0 = 13*v + 78 + 364. Let x be 11/66*-3*v. Let o = -16 + 33. What is the greatest common factor of x and o?
17
Let b(p) = -9674*p - 20. Let v be b(-1). Calculate the highest common factor of v and 6.
6
Let z(i) = i**3 - 5*i**2 - 3*i - 22. Let c be z(13). Suppose -x + 0*k - 2*k = -c, -5140 = -4*x + 4*k. What is the highest common factor of x and 99?
99
Let x = -3432 + 3828. Let b = 15 - 11. Let v(o) = 2*o**3 - 7*o**2 + 4*o + 4. Let f be v(b). Calculate the highest common divisor of x and f.
36
Let d = 39 + 6. Let i(u) = -7*u**3 - 5*u**2 - 5*u - 2. Let p be (-5)/(-25)*5*(-2)/2. Let h be i(p). What is the greatest common divisor of h and d?
5
Suppose o = -3*l + 3311 + 14562, 5*o + 3*l - 89389 = 0. Calculate the highest common divisor of o and 19.
19
Let d = -5232 + 5484. Calculate the greatest common factor of d and 672.
84
Let l = -25 - -25. Suppose l = 4*g + 5*x - 44, -3*g - x = -7*g + 44. Suppose -g*w - 286 = -22*w. Calculate the greatest common divisor of w and 52.
26
Suppose -3*z = -4*f + 8665, 2*f + 4*z - 3431 = 929. What is the greatest common divisor of 496 and f?
62
Let j = -335 - -430. Let q be 1 + -2 - (-4)/(20/j). What is the highest common divisor of 4 and q?
2
Suppose 3*b = 9*b - 300. Suppose -4*g = 2*r - 1296, -5*r - 7*g + 3247 = -4*g. Calculate the greatest common divisor of b and r.
50
Suppose 0 = 5*j - 11*j - 12. Let b be (-6)/2 - -16 - j. Calculate the greatest common factor of 165 and b.
15
Suppose -14 = -r, -3*j - 5*r - 32 + 108 = 0. Suppose -2*f + 131 = 3*d, 3*f - 26 = -3*d + 163. What is the highest common divisor of f and j?
2
Suppose -77 = 12*p - 1001. Let r = p + -73. Suppose 3*a = 6, 0*a + 602 = v + r*a. What is the greatest common divisor of 54 and v?
54
Let m(y) = y**3 + 8*y**2 - 12*y - 6. Suppose -2*p + 36 = -6*p. Let u be m(p). What is the greatest common divisor of 357 and u?
21
Let l(w) = -2*w + 121. Let c be l(0). Suppose -4*f - c = 19. Let n = 48 + f. What is the greatest common factor of 65 and n?
13
Suppose 9*f = 17431 + 6869. What is the highest common divisor of 120 and f?
60
Let r = 3199 + -3192. Calculate the highest common factor of r and 567.
7
Suppose 5*b = 4*n + 259, 25*b = 27*b + 5*n - 130. Suppose -12*z - b = -775. Calculate the greatest common factor of 10 and z.
10
Suppose m = 3*s - 6, 0*m + 3*m - 14 = s. Suppose -2*a - 30 = -5*a. Let y = a - m. What is the greatest common factor of y and 1?
1
Let d(n) = 24*n**2 - 10*n - 294. Let j be d(-14). What is the greatest common divisor of j and 56?
14
Suppose r - 6 - 2 = -w, 0 = 2*w - 3*r - 1. Suppose -w*h = -1 - 39. Suppose -4*z = -z - 96. Calculate the greatest common divisor of h and z.
8
Suppose -3*h + 21 = -3. Suppose -47 = -h*z - 15. Let x be (-104)/(-3) - (-5)/60*z. What is the greatest common divisor of 14 and x?
7
Let g = -18029 + 18077. Calculate the greatest common factor of g and 504.
24
Let x(j) = -3*j**2 - 109*j - 9. Let q be x(-36). Suppose 0 = -2*a + 4*w + 146, 3*a - q*w + 24*w - 207 = 0. Calculate the greatest common factor of a and 15.
5
Suppose v + 0*v = 11. Suppose 0 = v*i - 5*i. Suppose 4*o - 3*m = 3*o - 1, 5*o - 5*m - 15 = i. Calculate the greatest common factor of o and 2.
1
Suppose -115*k = -21462 - 146731 + 2363. What is the greatest common divisor of 14 and k?
14
Let i = 5211 - 3363. What is the highest common divisor of 112 and i?
56
Let w be (3 - -3) + -2 - (-22 + 0). Suppose -1055 = 21*b - w*b + 4*i, -i = -3*b + 640. Calculate the greatest common divisor of b and 172.
43
Suppose -3*c = -10*q + 12*q - 335, -c + q + 120 = 0. Calculate the greatest common divisor of 7360 and c.
115
Let k(c) = -c**2 + 324*c + 983. Let s be k(-3). Calculate the greatest common divisor of s and 433.
1
Suppose 0 = d - 89 - 25. Suppose -2*x = 2*g + 2*g - 26, 5*g - 33 = -3*x. Calculate the highest common factor of d and g.
6
Let d(n) be the first derivative of -n**4/4 - 11*n**3/3 - 35*n**2/2 + 6*n - 113. Let u be d(-7). What is the greatest common factor of 22 and u?
11
Suppose -5491 - 2489 = 24*g - 44*g. What is the highest common factor of g and 2223?
57
Suppose 307 = -61*k + 7089 + 1636. Calculate the highest common divisor of 27 and k.
3
Let o(z) = -3*z**2 - 7*z + 428. Let k be o(0). What is the highest common factor of k and 963?
107
Let a(j) = 66*j - 1514. Let y be a(24). Calculate the greatest common divisor of 105 and y.
35
Let o(k) = -k**3 + 4*k**2 + 16*k - 15. Let m be o(6). Suppose b = 3*w + 2, -m = -2*b + 8*w - 7*w. What is the greatest common factor of b and 5?
5
Suppose -20*q - 663 = -23*q. Let k(m) = m**2 + 10*m - 11. Let a be k(-12). Calculate the highest common factor of a and q.
13
Let b = -17923 + 22627. What is the greatest common divisor of b and 96?
96
Let j(l) = 2*l - 2. Let p be j(1). Suppose p*v = -v - 7. Let y(r) = -r**3 - 9*r**2 - 25*r - 5. Let h be y(v). What is the greatest common divisor of h and 9?
9
Suppose 0 = 5*b - 18 - 22. Let k be 20/b*(-12)/(-15). Suppose 0 = k*u - 174 + 14. What is the greatest common divisor of 40 and u?
40
Let k be -501 + 509 + -2*(-2 - -5). What is the highest common divisor of 1318 and k?
2
Suppose 0 = -10*q + 115 - 15. Suppose 0 = -s + q + 42. What is the greatest common factor of s and 13?
13
Suppose -2*d - 5*b = -0*b - 779, 4*d + 3*b - 1537 = 0. Suppose d = 14*g - 220. Calculate the greatest common divisor of 43 and g.
43
Suppose -2*a = 4*b - 56, 4*a = 5*b - 63 + 19. Let h be (-71 + -1)*(-12)/(-9). Let j be (h/20)/(2/(-20)). What is the greatest common factor of j and b?
12
Suppose 70 = 10*i - 5*i - r, 2*r - 42 = -4*i. Suppose -888 = i*p - 4008. What is the greatest common factor of 90 and p?
30
Let q = 119 - 63. Suppose 200*i + q = 204*i. Calculate the greatest common divisor of i and 175.
7
Let a be 4 + (-1 - 3 - -6). Suppose a*w = -w - 364. Let u = w + 60. Cal